{"type":"Feature","properties":{"FID":705,"Pop_Numbre":0.0,"EW_Dichte":4,"COMMUNE":"Mamer","eKfz_2024_":0.0,"GRD_ID":"CRS3035RES1000mN2954000E4032000","Pop_grids":"0","fid_1":706.0,"GRD_ID_2":"CRS3035RES1000mN2954000E4032000","CANTON":"Capellen","DISTRICT":"Luxembourg","SECTION":"Mamer-Sud","eKfZ2004":0},"id":706,"geometry":{"type":"Polygon","coordinates":[[[5.99826915073366,49.62789361858145],[5.997526772987922,49.636870824458256],[6.011351571575331,49.6373595751879],[6.0120913980126085,49.628382265064126],[5.99826915073366,49.62789361858145]]]},"prev":705,"next":707,"links":[{"type":"application/json","rel":"root","title":"The landing page of this server as JSON","href":"https://features.geoportail.lu?f=json"},{"type":"text/html","rel":"root","title":"The landing page of this server as HTML","href":"https://features.geoportail.lu?f=html"},{"rel":"self","type":"application/geo+json","title":"This document as JSON","href":"https://features.geoportail.lu/collections/3084/items/706?f=json"},{"rel":"alternate","type":"application/ld+json","title":"This document as RDF (JSON-LD)","href":"https://features.geoportail.lu/collections/3084/items/706?f=jsonld"},{"rel":"alternate","type":"text/html","title":"This document as HTML","href":"https://features.geoportail.lu/collections/3084/items/706?f=html"},{"rel":"collection","type":"application/json","title":"R\u00e9partition estim\u00e9e des voitures \u00e9lectriques en 2024\n","href":"https://features.geoportail.lu/collections/3084"},{"rel":"prev","type":"application/json","href":"https://features.geoportail.lu/collections/3084/items/705?f=json"},{"rel":"next","type":"application/json","href":"https://features.geoportail.lu/collections/3084/items/707?f=json"}]}

Répartition estimée des voitures électriques en 2024
