{"type":"Feature","properties":{"Pop_grids":"908","FID":745,"GRD_ID_2":"CRS3035RES1000mN2955000E4031000","CANTON":"Capellen","COMMUNE":"Mamer","eKfz_2024_":130.0634727293361,"GRD_ID":"CRS3035RES1000mN2955000E4031000","Pop_Numbre":908.0,"fid_1":746.0,"EW_Dichte":3,"DISTRICT":"Luxembourg","SECTION":"Capellen","eKfZ2004":130},"id":746,"geometry":{"type":"Polygon","coordinates":[[[5.983702230264981,49.6363803845007],[5.9829569547517005,49.64535745182891],[5.996784049781011,49.645847996441375],[5.997526772987922,49.636870824458256],[5.983702230264981,49.6363803845007]]]},"prev":745,"next":747,"links":[{"type":"application/json","rel":"root","title":"The landing page of this server as JSON","href":"https://features.geoportail.lu?f=json"},{"type":"text/html","rel":"root","title":"The landing page of this server as HTML","href":"https://features.geoportail.lu?f=html"},{"rel":"self","type":"application/geo+json","title":"This document as JSON","href":"https://features.geoportail.lu/collections/3084/items/746?f=json"},{"rel":"alternate","type":"application/ld+json","title":"This document as RDF (JSON-LD)","href":"https://features.geoportail.lu/collections/3084/items/746?f=jsonld"},{"rel":"alternate","type":"text/html","title":"This document as HTML","href":"https://features.geoportail.lu/collections/3084/items/746?f=html"},{"rel":"collection","type":"application/json","title":"R\u00e9partition estim\u00e9e des voitures \u00e9lectriques en 2024\n","href":"https://features.geoportail.lu/collections/3084"},{"rel":"prev","type":"application/json","href":"https://features.geoportail.lu/collections/3084/items/745?f=json"},{"rel":"next","type":"application/json","href":"https://features.geoportail.lu/collections/3084/items/747?f=json"}]}

Répartition estimée des voitures électriques en 2024
