{"type":"Feature","properties":{"Pop_grids":"0","fid_1":791.0,"GRD_ID":"CRS3035RES1000mN2956000E4036000","EW_Dichte":3,"DISTRICT":"Luxembourg","COMMUNE":"Mamer","eKfz_2024_":0.108182162237439,"Pop_Numbre":0.0,"FID":790,"GRD_ID_2":"CRS3035RES1000mN2956000E4036000","CANTON":"Capellen","SECTION":"Mamer-Nord","eKfZ2004":0},"id":791,"geometry":{"type":"Polygon","coordinates":[[[6.05209498162277,49.64779327852971],[6.051362128482752,49.656770831909874],[6.065193049394839,49.65725303100545],[6.065923348145278,49.648275374710884],[6.05209498162277,49.64779327852971]]]},"prev":790,"next":792,"links":[{"type":"application/json","rel":"root","title":"The landing page of this server as JSON","href":"https://features.geoportail.lu?f=json"},{"type":"text/html","rel":"root","title":"The landing page of this server as HTML","href":"https://features.geoportail.lu?f=html"},{"rel":"self","type":"application/geo+json","title":"This document as JSON","href":"https://features.geoportail.lu/collections/3084/items/791?f=json"},{"rel":"alternate","type":"application/ld+json","title":"This document as RDF (JSON-LD)","href":"https://features.geoportail.lu/collections/3084/items/791?f=jsonld"},{"rel":"alternate","type":"text/html","title":"This document as HTML","href":"https://features.geoportail.lu/collections/3084/items/791?f=html"},{"rel":"collection","type":"application/json","title":"R\u00e9partition estim\u00e9e des voitures \u00e9lectriques en 2024\n","href":"https://features.geoportail.lu/collections/3084"},{"rel":"prev","type":"application/json","href":"https://features.geoportail.lu/collections/3084/items/790?f=json"},{"rel":"next","type":"application/json","href":"https://features.geoportail.lu/collections/3084/items/792?f=json"}]}

Répartition estimée des voitures électriques en 2024
